{"id":12,"date":"2025-08-28T11:59:03","date_gmt":"2025-08-28T11:59:03","guid":{"rendered":"https:\/\/reydearmas.com\/?page_id=12"},"modified":"2025-09-02T17:42:10","modified_gmt":"2025-09-02T17:42:10","slug":"el-gran-duque","status":"publish","type":"page","link":"https:\/\/reydearmas.com\/?page_id=12","title":{"rendered":"El Gran Duque"},"content":{"rendered":"\n<figure class=\"wp-block-image size-full\"><img loading=\"lazy\" decoding=\"async\" width=\"500\" height=\"286\" src=\"https:\/\/reydearmas.com\/wp-content\/uploads\/2025\/09\/El-Gran-Duque.jpeg\" alt=\"\" class=\"wp-image-98\" srcset=\"https:\/\/reydearmas.com\/wp-content\/uploads\/2025\/09\/El-Gran-Duque.jpeg 500w, https:\/\/reydearmas.com\/wp-content\/uploads\/2025\/09\/El-Gran-Duque-300x172.jpeg 300w\" sizes=\"auto, (max-width: 500px) 100vw, 500px\" \/><\/figure>\n\n\n\n<p><strong>Ottaviano de&#8217; Medici di Toscana di Ottajano <\/strong>(1957) es el actual <strong>Gran Duque titular de Toscana<\/strong>, <strong>Gran Maestre de la Orden de San Esteban<\/strong> y <strong>jefe de la hist\u00f3rica Casa de M\u00e9dici<\/strong>, heredero de la rama napolitana de la familia que nunca renunci\u00f3 a sus derechos din\u00e1sticos tras la extinci\u00f3n de la l\u00ednea de Cafaggiolo en 1737. Su legitimidad se funda en las bulas papales e imperiales que garantizan la sucesi\u00f3n <em>ad infinitum<\/em> de los varones M\u00e9dici.<\/p>\n\n\n\n<p>Reside en Florencia, ciudad de sus antepasados, y ha consagrado su vida a la <strong>defensa del patrimonio cultural y art\u00edstico<\/strong> de su familia y de Toscana. Fundador y presidente de la <strong>Academia Medicea <\/strong>y de la <strong>Associazione Internazionale Medicea<\/strong>, impulsa proyectos de restauraci\u00f3n, preservaci\u00f3n y divulgaci\u00f3n de la herencia renacentista, adem\u00e1s de actividades acad\u00e9micas y culturales de alcance internacional.<\/p>\n\n\n\n<p>En el plano intelectual, es autor del <strong>Manifiesto del Nuevo Humanismo Mediceo<\/strong>, en el que propone una renovaci\u00f3n cultural y \u00e9tica inspirada en cinco pilares fundamentales: <strong>Belleza, Nobleza, Libertad, Humanidad y Raz\u00f3n<\/strong>. Este manifiesto, que recoge la tradici\u00f3n humanista florentina y la proyecta hacia el futuro, lo ha convertido en un referente en el di\u00e1logo intercultural y en la promoci\u00f3n de valores universales.<\/p>\n\n\n\n<p>En el \u00e1mbito personal, Ottaviano de M\u00e9dici es padre de tres hijos, a quienes transmite el legado hist\u00f3rico y espiritual de su Casa. Su visi\u00f3n de un <strong>Renacimiento contempor\u00e1neo<\/strong>, que une la tradici\u00f3n con los desaf\u00edos actuales como la sostenibilidad y la justicia social, lo sit\u00faa como un <strong>hombre del Renacimiento en pleno siglo XXI<\/strong>.<\/p>\n","protected":false},"excerpt":{"rendered":"<p>Ottaviano de&#8217; Medici di Toscana di Ottajano (1957) es el actual Gran Duque titular de Toscana, Gran Maestre de la Orden de San Esteban y jefe de la hist\u00f3rica Casa de M\u00e9dici, heredero de la rama napolitana de la familia que nunca renunci\u00f3 a sus derechos din\u00e1sticos tras la extinci\u00f3n de la l\u00ednea de Cafaggiolo [&hellip;]<\/p>\n","protected":false},"author":1,"featured_media":0,"parent":0,"menu_order":0,"comment_status":"closed","ping_status":"closed","template":"","meta":{"footnotes":""},"class_list":["post-12","page","type-page","status-publish","hentry"],"brizy_media":[],"_links":{"self":[{"href":"https:\/\/reydearmas.com\/index.php?rest_route=\/wp\/v2\/pages\/12","targetHints":{"allow":["GET"]}}],"collection":[{"href":"https:\/\/reydearmas.com\/index.php?rest_route=\/wp\/v2\/pages"}],"about":[{"href":"https:\/\/reydearmas.com\/index.php?rest_route=\/wp\/v2\/types\/page"}],"author":[{"embeddable":true,"href":"https:\/\/reydearmas.com\/index.php?rest_route=\/wp\/v2\/users\/1"}],"replies":[{"embeddable":true,"href":"https:\/\/reydearmas.com\/index.php?rest_route=%2Fwp%2Fv2%2Fcomments&post=12"}],"version-history":[{"count":3,"href":"https:\/\/reydearmas.com\/index.php?rest_route=\/wp\/v2\/pages\/12\/revisions"}],"predecessor-version":[{"id":99,"href":"https:\/\/reydearmas.com\/index.php?rest_route=\/wp\/v2\/pages\/12\/revisions\/99"}],"wp:attachment":[{"href":"https:\/\/reydearmas.com\/index.php?rest_route=%2Fwp%2Fv2%2Fmedia&parent=12"}],"curies":[{"name":"wp","href":"https:\/\/api.w.org\/{rel}","templated":true}]}}