{"id":14,"date":"2025-08-28T11:59:27","date_gmt":"2025-08-28T11:59:27","guid":{"rendered":"https:\/\/reydearmas.com\/?page_id=14"},"modified":"2025-10-31T11:10:23","modified_gmt":"2025-10-31T10:10:23","slug":"el-rey-de-armas","status":"publish","type":"page","link":"https:\/\/reydearmas.com\/?page_id=14","title":{"rendered":"El Rey de Armas"},"content":{"rendered":"\n<figure class=\"wp-block-image size-medium\"><img loading=\"lazy\" decoding=\"async\" width=\"300\" height=\"300\" src=\"https:\/\/reydearmas.com\/wp-content\/uploads\/2025\/09\/REY-DE-ARMAS-COLOR-FINAL-1-300x300.png\" alt=\"\" class=\"wp-image-61\" srcset=\"https:\/\/reydearmas.com\/wp-content\/uploads\/2025\/09\/REY-DE-ARMAS-COLOR-FINAL-1-300x300.png 300w, https:\/\/reydearmas.com\/wp-content\/uploads\/2025\/09\/REY-DE-ARMAS-COLOR-FINAL-1-1024x1024.png 1024w, https:\/\/reydearmas.com\/wp-content\/uploads\/2025\/09\/REY-DE-ARMAS-COLOR-FINAL-1-150x150.png 150w, https:\/\/reydearmas.com\/wp-content\/uploads\/2025\/09\/REY-DE-ARMAS-COLOR-FINAL-1-768x768.png 768w, https:\/\/reydearmas.com\/wp-content\/uploads\/2025\/09\/REY-DE-ARMAS-COLOR-FINAL-1-1536x1536.png 1536w, https:\/\/reydearmas.com\/wp-content\/uploads\/2025\/09\/REY-DE-ARMAS-COLOR-FINAL-1-2048x2048.png 2048w\" sizes=\"auto, (max-width: 300px) 100vw, 300px\" \/><\/figure>\n\n\n\n<p>Por decreto de <strong>Su Alteza Real el Gran Duque Ottaviano de&#8217; Medici di Toscana di Ottajano<\/strong>, y en reconocimiento a sus m\u00e9ritos acad\u00e9micos, culturales y profesionales, <strong>Don Francisco Acedo Fern\u00e1ndez<\/strong> ha sido investido el 22 de julio de 2025 en Florencia con el t\u00edtulo c\u00edvico de <strong>Rey de Armas del Gran Duque de Toscana<\/strong>, con facultad de formar parte del Consejo Privado de la Corona. El nombramiento le otorga la misi\u00f3n de certificar e inscribir escudos en el <strong>Armorial Granducal Mediceo<\/strong>, verificar candidatos para el <strong>Cittadinario Mediceo<\/strong> y colaborar en la difusi\u00f3n y fortalecimiento de la <strong>Orden de San Esteban<\/strong>.<\/p>\n\n\n\n<p>Humanista polifac\u00e9tico nacido en C\u00e1ceres (Espa\u00f1a) en 1971, Francisco Acedo Fern\u00e1ndez es <strong>doctor en Administraci\u00f3n y Direcci\u00f3n de Empresas<\/strong> y <strong>licenciado en Filosof\u00eda y Letras, Geograf\u00eda e Historia<\/strong>, formado en Salamanca, Saint Andrews, Sussex, la Aut\u00f3noma de Madrid, Dubl\u00edn, Trinity College de Londres, Oxford, Cambridge, Bolonia, Roma, Hillsdale College, Harvard, Georgetown y Atlanta. Profesor, investigador y escritor, ha publicado veinte libros y varios centenares de art\u00edculos, y ha sido galardonado como dramaturgo con premios y nominaciones nacionales e internacionales.<\/p>\n\n\n\n<p>Es miembro de destacadas <strong>academias hist\u00f3ricas y nobiliarias<\/strong> en Europa y Am\u00e9rica, y ha sido distinguido como <strong>Caballero M\u00edlite Conventual de la Sacra Orden de San Esteban<\/strong>. Fundador de varias empresas, combina su labor editorial, inmobiliaria y acad\u00e9mica  con el ejercicio de cargos de responsabilidad en la Casa de M\u00e9dici.<\/p>\n\n\n\n<h5 class=\"wp-block-heading\">Competencias del Rey de Armas<\/h5>\n\n\n\n<h5 class=\"wp-block-heading\">1. Funciones Her\u00e1ldicas<\/h5>\n\n\n\n<ul class=\"wp-block-list\">\n<li>Dise\u00f1o, reglamentaci\u00f3n y registro de armas personales, familiares, corporativas, eclesi\u00e1sticas y municipales, conforme a los c\u00f3digos her\u00e1ldicos hist\u00f3ricos de Toscana y de la Casa de M\u00e9dici.<\/li>\n\n\n\n<li>Validaci\u00f3n y reconocimiento del uso de escudos hist\u00f3ricos por familias gentilicias.<\/li>\n\n\n\n<li>Emisi\u00f3n de certificaciones her\u00e1ldicas oficiales, redactadas en italiano, lat\u00edn o castellano.<\/li>\n\n\n\n<li>Facultad de conceder escudos y certificaciones her\u00e1ldicas, con posibilidad de elevarlos a documento p\u00fablico conforme a la legislaci\u00f3n vigente.<\/li>\n\n\n\n<li>Nombramiento de heraldos y persevantes, encargados de asistir en funciones ceremoniales y documentales.<\/li>\n<\/ul>\n\n\n\n<h5 class=\"wp-block-heading\">2. Funciones Nobiliarias<\/h5>\n\n\n\n<ul class=\"wp-block-list\">\n<li>Emisi\u00f3n de dict\u00e1menes e informes t\u00e9cnicos para la autorizaci\u00f3n del uso de t\u00edtulos nobiliarios de procedencia extranjera, previa revisi\u00f3n documental y geneal\u00f3gica.<\/li>\n\n\n\n<li>Estudio y peritaje geneal\u00f3gico, con an\u00e1lisis de descendencias, sucesiones tituladas y legitimidad de pretensiones nobiliarias.<\/li>\n\n\n\n<li>Investigaciones sobre linajes familiares y conexiones nobiliarias, especialmente en el \u00e1mbito sucesorio, de precedencia o de calificaci\u00f3n honor\u00edfica.<\/li>\n\n\n\n<li>Emisi\u00f3n de certificaciones geneal\u00f3gicas oficiales en italiano, lat\u00edn o castellano.<\/li>\n\n\n\n<li>Colaboraci\u00f3n con la Diputaci\u00f3n Granducal sobre la Nobleza y la Ciudadan\u00eda como experto en genealog\u00eda, her\u00e1ldica y derecho nobiliario.<\/li>\n<\/ul>\n\n\n\n<h5 class=\"wp-block-heading\">3. Funciones Ceremoniales<\/h5>\n\n\n\n<ul class=\"wp-block-list\">\n<li>Direcci\u00f3n del ceremonial her\u00e1ldico y caballeresco en actos p\u00fablicos de la Casa Granducal.<\/li>\n\n\n\n<li>Custodia de insignias, banderas, estandartes y armoriales oficiales, en particular los de la Orden de Santo Stefano P.M.<\/li>\n\n\n\n<li>Lectura p\u00fablica y proclamaci\u00f3n de t\u00edtulos, condecoraciones y nombramientos, conforme a los ritos y protocolos hist\u00f3ricos de la Toscana granducal.<\/li>\n<\/ul>\n\n\n\n<h5 class=\"wp-block-heading\">4. Funciones Archiv\u00edsticas y Documentales<\/h5>\n\n\n\n<ul class=\"wp-block-list\">\n<li>Direcci\u00f3n del Archivo Her\u00e1ldico y Geneal\u00f3gico del Minutario del Rey de Armas, como Archivo Oficial y Notarial de la Casa de\u2019 Medici.<\/li>\n<\/ul>\n\n\n\n<h5 class=\"wp-block-heading\">5. Funciones Notariales<\/h5>\n\n\n\n<p>El Rey de Armas ejerce funciones notariales con competencia exclusiva sobre los actos y documentos de las Instituciones hist\u00f3ricas y caballerescas de la Toscana Medicea:<\/p>\n\n\n\n<ul class=\"wp-block-list\">\n<li>Certificaciones her\u00e1ldicas y geneal\u00f3gicas para uso privado o p\u00fablico.<\/li>\n\n\n\n<li>Registro de actos oficiales de la Casa Granducal con valor probatorio.<\/li>\n\n\n\n<li>Redacci\u00f3n de actas, estatutos y documentos asociativos de cuerpos institucionales mediceos.<\/li>\n\n\n\n<li>Emisi\u00f3n de copias aut\u00e9nticas y transcripciones certificadas.<\/li>\n\n\n\n<li>Dep\u00f3sito oficial y archivo permanente de todos sus actos y documentos, bajo sello y timbre de la Corona Granducal.<\/li>\n<\/ul>\n\n\n\n<p>En su labor se encuentra asistido por <strong>Nikolai L\u00f3pez Pomar<\/strong>, graduado en Historia del Arte por la Universidad de las Islas Baleares, quien desde el 23 de septiembre de 2025 ostenta el nombramiento de <strong>Pintor Oficial de la Diputaci\u00f3n Granducal Medicea sobre la Nobleza y la Ciudadan\u00eda<\/strong>. Todos los escudos que se muestran en esta web han sido dibujados por \u00e9l.<\/p>\n\n\n\n<p><a href=\"https:\/\/bio.site\/franciscoacedo\" data-type=\"link\" data-id=\"https:\/\/bio.site\/franciscoacedo\" target=\"_blank\" rel=\"noreferrer noopener\">Francisco Acedo Fern\u00e1ndez<\/a><\/p>\n\n\n\n<p><a href=\"https:\/\/elarmorial.blogspot.com\/\" data-type=\"link\" data-id=\"https:\/\/elarmorial.blogspot.com\/\" target=\"_blank\" rel=\"noreferrer noopener\">Nikolai L\u00f3pez Pomar<\/a><\/p>\n\n\n\n<p>Dise\u00f1o de las armas \u00a9 Nikolai L\u00f3pez Pomar 2025<\/p>\n\n\n\n<p><\/p>\n","protected":false},"excerpt":{"rendered":"<p>Por decreto de Su Alteza Real el Gran Duque Ottaviano de&#8217; Medici di Toscana di Ottajano, y en reconocimiento a sus m\u00e9ritos acad\u00e9micos, culturales y profesionales, Don Francisco Acedo Fern\u00e1ndez ha sido investido el 22 de julio de 2025 en Florencia con el t\u00edtulo c\u00edvico de Rey de Armas del Gran Duque de Toscana, con [&hellip;]<\/p>\n","protected":false},"author":1,"featured_media":0,"parent":0,"menu_order":0,"comment_status":"closed","ping_status":"closed","template":"","meta":{"footnotes":""},"class_list":["post-14","page","type-page","status-publish","hentry"],"brizy_media":[],"_links":{"self":[{"href":"https:\/\/reydearmas.com\/index.php?rest_route=\/wp\/v2\/pages\/14","targetHints":{"allow":["GET"]}}],"collection":[{"href":"https:\/\/reydearmas.com\/index.php?rest_route=\/wp\/v2\/pages"}],"about":[{"href":"https:\/\/reydearmas.com\/index.php?rest_route=\/wp\/v2\/types\/page"}],"author":[{"embeddable":true,"href":"https:\/\/reydearmas.com\/index.php?rest_route=\/wp\/v2\/users\/1"}],"replies":[{"embeddable":true,"href":"https:\/\/reydearmas.com\/index.php?rest_route=%2Fwp%2Fv2%2Fcomments&post=14"}],"version-history":[{"count":5,"href":"https:\/\/reydearmas.com\/index.php?rest_route=\/wp\/v2\/pages\/14\/revisions"}],"predecessor-version":[{"id":279,"href":"https:\/\/reydearmas.com\/index.php?rest_route=\/wp\/v2\/pages\/14\/revisions\/279"}],"wp:attachment":[{"href":"https:\/\/reydearmas.com\/index.php?rest_route=%2Fwp%2Fv2%2Fmedia&parent=14"}],"curies":[{"name":"wp","href":"https:\/\/api.w.org\/{rel}","templated":true}]}}